{"id":1316,"date":"2017-10-16T04:10:26","date_gmt":"2017-10-16T04:10:26","guid":{"rendered":"http:\/\/ninzio.com\/agrikole\/?page_id=1316"},"modified":"2021-04-10T11:43:18","modified_gmt":"2021-04-10T11:43:18","slug":"about-us","status":"publish","type":"page","link":"https:\/\/atlantisziraat.com\/index.php\/about-us\/","title":{"rendered":"About Us"},"content":{"rendered":"<p>[vc_row el_class=&#8221;overflow-visible&#8221;][vc_column]\r\n\t<div class=\"agrikole-spacer clearfix\" data-desktop=\"110\" data-mobi=\"60\" data-smobi=\"60\"><\/div>[vc_row_inner][vc_column_inner width=&#8221;1\/2&#8243;]<div class=\"agrikole-simple-image simple \" style=\"\">\r\n\t\t\t\t<img decoding=\"async\" alt=\"image\" src=\"https:\/\/atlantisziraat.com\/wp-content\/uploads\/2020\/02\/gallery-thumb5.jpg\" \/> \r\n\t\t\t<\/div>[\/vc_column_inner][vc_column_inner width=&#8221;1\/2&#8243;]\r\n\t<div class=\"agrikole-spacer clearfix\" data-desktop=\"37\" data-mobi=\"37\" data-smobi=\"37\"><\/div><div class=\"agrikole-headings clearfix \" data-font=70 data-mfont=60 style=\"\"><div class=\"sep clearfix\" style=\"margin:15px 0 0;\">\r\n\t\t\t\t<img decoding=\"async\" alt=\"image\" src=\"https:\/\/atlantisziraat.com\/wp-content\/uploads\/2020\/01\/separator.png\">\r\n\t\t\t<\/div><div class=\"pre-heading clearfix\" style=\"font-weight:600;color:#5b8c51;font-size:14px;letter-spacing:3px;\">\r\n\t\tATLANT\u0130S Z\u0130RAAT\r\n\t<\/div><div class=\"sub-heading clearfix\">\r\n\t\t<h1>EN \u0130Y\u0130 \u00c7\u00d6Z\u00dcM\u00dc\u00a0 SUNUYORUZ<\/h1>\n\r\n\t<\/div><\/div>[vc_column_text]<span>HAKKIMIZDA<\/span><\/p>\n<p><span>Atlantis Ziraat San. ve Tic. Ltd. \u015eti. 2011 y\u0131l\u0131nda Marmara ve Trakya b\u00f6lgesinde bitki koruma ve besleme \u00fcr\u00fcnleri sat\u0131\u015f\u0131 yapmak i\u00e7in Bursa\u2019da kurulmu\u015ftur. BAYER ile ba\u015flayan partnerlik y\u00fcr\u00fcy\u00fc\u015f\u00fcm\u00fcze SUM\u0130AGRO, DOW, DUPONT, CORTEVA, FMC, UPL, EUROCHEM, LANCES LINK ve SULPHUR MILLS LIMITED firmalar\u0131 ile b\u00fcy\u00fcyerek devam etmektedir.<\/span><\/p>\n<p><span>Artan n\u00fcfusu s\u00fcrd\u00fcrebilir tar\u0131m uygulamlar\u0131 ile besleyebilmek ad\u0131na toplum ve \u00e7evre i\u00e7in olumlu etkiler yaratmay\u0131 hedefleyen firmalarla birlikte \u00e7al\u0131\u015fmaktay\u0131z. Birlikte \u00e7al\u0131\u015ft\u0131\u011f\u0131m\u0131z firmalar\u0131n Ar-Ge merkezleri, erken uyar\u0131 sistemleri ve g\u00fc\u00e7l\u00fc teknik ekipleri ile sahada g\u00fcc\u00fcm\u00fcze g\u00fc\u00e7 katarlar.<\/span><\/p>\n<p><span>Trakya ve Marmara b\u00f6lgesinde her ge\u00e7en g\u00fcn artarak devam eden 600 a\u015fk\u0131n de\u011ferli m\u00fc\u015fterimize sundu\u011fumuz kaliteli hizmet ve kar\u015f\u0131la\u015ft\u0131klar\u0131 sorunlar\u0131 h\u0131zl\u0131 ve kal\u0131c\u0131 \u00e7\u00f6z\u00fcmler sa\u011flayarak beklentilerinin \u00fcst\u00fcnde hizmet vermeyi ama\u00e7l\u0131yoruz.<\/span>[\/vc_column_text][\/vc_column_inner][\/vc_row_inner]\r\n\t<div class=\"agrikole-spacer clearfix\" data-desktop=\"55\" data-mobi=\"30\" data-smobi=\"30\"><\/div>[vc_row_inner equal_height=&#8221;yes&#8221;][vc_column_inner width=&#8221;2\/3&#8243;]<div class=\"agrikole-images-grid clearfix\" data-layout=\"grid\" data-column=\"4\" data-column2=\"3\" data-column3=\"2\" data-column4=\"1\" data-gaph=\"30\" data-gapv=\"30\"><div id=\"images-wrap\" class=\"cbp\"><div class=\"cbp-item\"><div class=\"item-wrap\" style=\"border-radius:5px;overflow:hidden;\"><a class=\"zoom-popup cbp-lightbox\" href=\"https:\/\/atlantisziraat.com\/wp-content\/uploads\/2020\/02\/about-img1.jpg\"><\/a><img decoding=\"async\" src=\"https:\/\/atlantisziraat.com\/wp-content\/uploads\/2020\/02\/about-img1.jpg\" alt=\"image\" \/><\/div><\/div><div class=\"cbp-item\"><div class=\"item-wrap\" style=\"border-radius:5px;overflow:hidden;\"><a class=\"zoom-popup cbp-lightbox\" href=\"https:\/\/atlantisziraat.com\/wp-content\/uploads\/2020\/02\/about-img2.jpg\"><\/a><img decoding=\"async\" src=\"https:\/\/atlantisziraat.com\/wp-content\/uploads\/2020\/02\/about-img2.jpg\" alt=\"image\" \/><\/div><\/div><\/div><\/div>\r\n\t<div class=\"agrikole-spacer clearfix\" data-desktop=\"0\" data-mobi=\"30\" data-smobi=\"30\"><\/div>[\/vc_column_inner][vc_column_inner width=&#8221;1\/3&#8243;]<div class=\"agrikole-content-box clearfix overflow-hidden\" data-padding=\"131px 40px 131px\" data-mobipadding=\"131px 40px 131px\" data-margin=\"\" data-mobimargin=\"\" >\r\n\t\t<div class=\"inner ctb-80757484\" style=\"background:url(https:\/\/atlantisziraat.com\/wp-content\/uploads\/2020\/02\/about-img3.jpg) left top no-repeat;background-size:cover;\"  data-background=\"\" data-rounded=\"5px\" data-border-style=\"solid\" data-border-style-hover=\"solid\">\r\n\t\t\t[vc_column_text]<\/p>\n<h2 style=\"font-size: 50px; line-height: 70px; color: #eddd5e; text-align: center;\">10 YILLIK TARIM TECR\u00dcBES\u0130 \u0130LE YANINIZDAYIZ<\/h2>\n<p>[\/vc_column_text]\r\n\t\t<\/div>\r\n\t<\/div>[\/vc_column_inner][\/vc_row_inner]\r\n\t<div class=\"agrikole-spacer clearfix\" data-desktop=\"120\" data-mobi=\"60\" data-smobi=\"60\"><\/div>[\/vc_column][\/vc_row][vc_row][vc_column]\r\n\t<div class=\"agrikole-spacer clearfix\" data-desktop=\"118\" data-mobi=\"50\" data-smobi=\"50\"><\/div>\r\n<div class=\"agrikole-partner style-2 arrow-center bullet-square offsetcenter offset-v0\" data-auto=\"true\" data-loop=\"false\" data-column=\"5\" data-column2=\"3\" data-column3=\"2\" data-gap=\"55\">\r\n\t\r\n\t<div class=\"owl-carousel owl-theme\">\r\n\t            \t<div class=\"partner-item clearfix\">\r\n        \t\t<div class=\"inner\">\r\n\t\t            \t\t            \t<a target=\"_blank\" href=\"\">\r\n\t    \t\t\t\t<div class=\"thumb\">\r\n\t\t    \t\t\t\t<img loading=\"lazy\" decoding=\"async\" width=\"1000\" height=\"1000\" src=\"https:\/\/atlantisziraat.com\/wp-content\/uploads\/2020\/02\/bayer-normal.png\" class=\"attachment-full size-full wp-post-image\" alt=\"\" srcset=\"https:\/\/atlantisziraat.com\/wp-content\/uploads\/2020\/02\/bayer-normal.png 1000w, https:\/\/atlantisziraat.com\/wp-content\/uploads\/2020\/02\/bayer-normal-300x300.png 300w, https:\/\/atlantisziraat.com\/wp-content\/uploads\/2020\/02\/bayer-normal-150x150.png 150w, https:\/\/atlantisziraat.com\/wp-content\/uploads\/2020\/02\/bayer-normal-768x768.png 768w, https:\/\/atlantisziraat.com\/wp-content\/uploads\/2020\/02\/bayer-normal-640x640.png 640w, https:\/\/atlantisziraat.com\/wp-content\/uploads\/2020\/02\/bayer-normal-370x370.png 370w, https:\/\/atlantisziraat.com\/wp-content\/uploads\/2020\/02\/bayer-normal-140x140.png 140w\" sizes=\"auto, (max-width: 1000px) 100vw, 1000px\" \/>\t    \t\t\t\t<\/div>\r\n\t    \t\t\t\t<\/a>\r\n\t         \t\t        \t\t<\/div>\r\n            <\/div>\r\n\t\t        \t<div class=\"partner-item clearfix\">\r\n        \t\t<div class=\"inner\">\r\n\t\t            \t\t            \t<a target=\"_blank\" href=\"\">\r\n\t    \t\t\t\t<div class=\"thumb\">\r\n\t\t    \t\t\t\t<img loading=\"lazy\" decoding=\"async\" width=\"1000\" height=\"1000\" src=\"https:\/\/atlantisziraat.com\/wp-content\/uploads\/2020\/02\/corteva-norm.png\" class=\"attachment-full size-full wp-post-image\" alt=\"\" srcset=\"https:\/\/atlantisziraat.com\/wp-content\/uploads\/2020\/02\/corteva-norm.png 1000w, https:\/\/atlantisziraat.com\/wp-content\/uploads\/2020\/02\/corteva-norm-300x300.png 300w, https:\/\/atlantisziraat.com\/wp-content\/uploads\/2020\/02\/corteva-norm-150x150.png 150w, https:\/\/atlantisziraat.com\/wp-content\/uploads\/2020\/02\/corteva-norm-768x768.png 768w, https:\/\/atlantisziraat.com\/wp-content\/uploads\/2020\/02\/corteva-norm-640x640.png 640w, https:\/\/atlantisziraat.com\/wp-content\/uploads\/2020\/02\/corteva-norm-370x370.png 370w, https:\/\/atlantisziraat.com\/wp-content\/uploads\/2020\/02\/corteva-norm-140x140.png 140w\" sizes=\"auto, (max-width: 1000px) 100vw, 1000px\" \/>\t    \t\t\t\t<\/div>\r\n\t    \t\t\t\t<\/a>\r\n\t         \t\t        \t\t<\/div>\r\n            <\/div>\r\n\t\t        \t<div class=\"partner-item clearfix\">\r\n        \t\t<div class=\"inner\">\r\n\t\t            \t\t            \t<a target=\"_blank\" href=\"\">\r\n\t    \t\t\t\t<div class=\"thumb\">\r\n\t\t    \t\t\t\t<img loading=\"lazy\" decoding=\"async\" width=\"900\" height=\"900\" src=\"https:\/\/atlantisziraat.com\/wp-content\/uploads\/2020\/02\/euro-normal.png\" class=\"attachment-full size-full wp-post-image\" alt=\"\" srcset=\"https:\/\/atlantisziraat.com\/wp-content\/uploads\/2020\/02\/euro-normal.png 900w, https:\/\/atlantisziraat.com\/wp-content\/uploads\/2020\/02\/euro-normal-300x300.png 300w, https:\/\/atlantisziraat.com\/wp-content\/uploads\/2020\/02\/euro-normal-150x150.png 150w, https:\/\/atlantisziraat.com\/wp-content\/uploads\/2020\/02\/euro-normal-768x768.png 768w, https:\/\/atlantisziraat.com\/wp-content\/uploads\/2020\/02\/euro-normal-640x640.png 640w, https:\/\/atlantisziraat.com\/wp-content\/uploads\/2020\/02\/euro-normal-370x370.png 370w, https:\/\/atlantisziraat.com\/wp-content\/uploads\/2020\/02\/euro-normal-140x140.png 140w\" sizes=\"auto, (max-width: 900px) 100vw, 900px\" \/>\t    \t\t\t\t<\/div>\r\n\t    \t\t\t\t<\/a>\r\n\t         \t\t        \t\t<\/div>\r\n            <\/div>\r\n\t\t        \t<div class=\"partner-item clearfix\">\r\n        \t\t<div class=\"inner\">\r\n\t\t            \t\t            \t<a target=\"_blank\" href=\"https:\/\/ninzio.com\/agrikole\/services\/\">\r\n\t    \t\t\t\t<div class=\"thumb\">\r\n\t\t    \t\t\t\t<img loading=\"lazy\" decoding=\"async\" width=\"1000\" height=\"1000\" src=\"https:\/\/atlantisziraat.com\/wp-content\/uploads\/2020\/02\/fmc-norm.png\" class=\"attachment-full size-full wp-post-image\" alt=\"\" srcset=\"https:\/\/atlantisziraat.com\/wp-content\/uploads\/2020\/02\/fmc-norm.png 1000w, https:\/\/atlantisziraat.com\/wp-content\/uploads\/2020\/02\/fmc-norm-300x300.png 300w, https:\/\/atlantisziraat.com\/wp-content\/uploads\/2020\/02\/fmc-norm-150x150.png 150w, https:\/\/atlantisziraat.com\/wp-content\/uploads\/2020\/02\/fmc-norm-768x768.png 768w, https:\/\/atlantisziraat.com\/wp-content\/uploads\/2020\/02\/fmc-norm-640x640.png 640w, https:\/\/atlantisziraat.com\/wp-content\/uploads\/2020\/02\/fmc-norm-370x370.png 370w, https:\/\/atlantisziraat.com\/wp-content\/uploads\/2020\/02\/fmc-norm-140x140.png 140w\" sizes=\"auto, (max-width: 1000px) 100vw, 1000px\" \/>\t    \t\t\t\t<\/div>\r\n\t    \t\t\t\t<\/a>\r\n\t         \t\t        \t\t<\/div>\r\n            <\/div>\r\n\t\t        \t<div class=\"partner-item clearfix\">\r\n        \t\t<div class=\"inner\">\r\n\t\t            \t\t            \t<a target=\"_blank\" href=\"https:\/\/ninzio.com\/agrikole\/about-us\/\">\r\n\t    \t\t\t\t<div class=\"thumb\">\r\n\t\t    \t\t\t\t<img loading=\"lazy\" decoding=\"async\" width=\"1000\" height=\"1000\" src=\"https:\/\/atlantisziraat.com\/wp-content\/uploads\/2020\/02\/lances-normal.png\" class=\"attachment-full size-full wp-post-image\" alt=\"\" srcset=\"https:\/\/atlantisziraat.com\/wp-content\/uploads\/2020\/02\/lances-normal.png 1000w, https:\/\/atlantisziraat.com\/wp-content\/uploads\/2020\/02\/lances-normal-300x300.png 300w, https:\/\/atlantisziraat.com\/wp-content\/uploads\/2020\/02\/lances-normal-150x150.png 150w, https:\/\/atlantisziraat.com\/wp-content\/uploads\/2020\/02\/lances-normal-768x768.png 768w, https:\/\/atlantisziraat.com\/wp-content\/uploads\/2020\/02\/lances-normal-640x640.png 640w, https:\/\/atlantisziraat.com\/wp-content\/uploads\/2020\/02\/lances-normal-370x370.png 370w, https:\/\/atlantisziraat.com\/wp-content\/uploads\/2020\/02\/lances-normal-140x140.png 140w\" sizes=\"auto, (max-width: 1000px) 100vw, 1000px\" \/>\t    \t\t\t\t<\/div>\r\n\t    \t\t\t\t<\/a>\r\n\t         \t\t        \t\t<\/div>\r\n            <\/div>\r\n\t\t        \t<div class=\"partner-item clearfix\">\r\n        \t\t<div class=\"inner\">\r\n\t\t            \t\t            \t<a target=\"_blank\" href=\"https:\/\/ninzio.com\/agrikole\/services\/\">\r\n\t    \t\t\t\t<div class=\"thumb\">\r\n\t\t    \t\t\t\t<img loading=\"lazy\" decoding=\"async\" width=\"1000\" height=\"1000\" src=\"https:\/\/atlantisziraat.com\/wp-content\/uploads\/2020\/02\/reap-norm.png\" class=\"attachment-full size-full wp-post-image\" alt=\"\" srcset=\"https:\/\/atlantisziraat.com\/wp-content\/uploads\/2020\/02\/reap-norm.png 1000w, https:\/\/atlantisziraat.com\/wp-content\/uploads\/2020\/02\/reap-norm-300x300.png 300w, https:\/\/atlantisziraat.com\/wp-content\/uploads\/2020\/02\/reap-norm-150x150.png 150w, https:\/\/atlantisziraat.com\/wp-content\/uploads\/2020\/02\/reap-norm-768x768.png 768w, https:\/\/atlantisziraat.com\/wp-content\/uploads\/2020\/02\/reap-norm-640x640.png 640w, https:\/\/atlantisziraat.com\/wp-content\/uploads\/2020\/02\/reap-norm-370x370.png 370w, https:\/\/atlantisziraat.com\/wp-content\/uploads\/2020\/02\/reap-norm-140x140.png 140w\" sizes=\"auto, (max-width: 1000px) 100vw, 1000px\" \/>\t    \t\t\t\t<\/div>\r\n\t    \t\t\t\t<\/a>\r\n\t         \t\t        \t\t<\/div>\r\n            <\/div>\r\n\t\t\t<\/div><!-- \/.owl-carousel -->\r\n\r\n<\/div><!-- \/.agrikole-partner -->\r\n\r\n[\/vc_column][\/vc_row][vc_row parallax=&#8221;content-moving&#8221; full_width=&#8221;stretch_row&#8221; css=&#8221;.vc_custom_1579348726306{background-image: url(http:\/\/ninzio.com\/agrikole\/wp-content\/uploads\/2020\/01\/section-bg1-2.jpg?id=13131) !important;background-position: center;background-repeat: no-repeat;background-size:cover;}&#8221;][vc_column][\/vc_column][\/vc_row][vc_row][vc_column]\r\n\t<div class=\"agrikole-spacer clearfix\" data-desktop=\"112\" data-mobi=\"60\" data-smobi=\"60\"><\/div>[\/vc_column][\/vc_row][vc_row full_width=&#8221;stretch_row&#8221; css=&#8221;.vc_custom_1582085502643{background-image: url(http:\/\/ninzio.com\/agrikole\/wp-content\/uploads\/2020\/02\/section-bg3.jpg?id=13353) !important;background-position: center !important;background-repeat: no-repeat !important;background-size: cover !important;}&#8221;][vc_column]\r\n\t<div class=\"agrikole-spacer clearfix\" data-desktop=\"107\" data-mobi=\"60\" data-smobi=\"60\"><\/div><div class=\"agrikole-headings clearfix text-center\" data-font=70 data-mfont=60 style=\"\"><h2 class=\"heading clearfix \" style=\"color:#ffffff;max-width:860px;margin-left: auto; margin-right: auto;line-height:82px;margin-bottom:18px;font-size:70px;\">\r\n\t\tATLANT\u0130S Z\u0130RAAT OLARAK BEKLENT\u0130LER\u0130N\u0130Z\u0130 KAR\u015eILAYAN EN KAL\u0130TEL\u0130 \u00dcR\u00dcNLER\u0130 SUNUYORUZ\r\n\t<\/h2><\/div>\r\n\t<div class=\"agrikole-spacer clearfix\" data-desktop=\"50\" data-mobi=\"40\" data-smobi=\"40\"><\/div><div class=\"agrikole-align-box  mobi-align-center align-center\"><div class=\"button-wrap icon-right\" style=\"\" ><a href=\"https:\/\/ninzio.com\/agrikole\/services\/\" target=\"_self\" class=\"agrikole-button btn-474085691 medium no_icon accent custom\" style=\"border-radius:5px;\"  data-text=\"#404a3d\" data-text-hover=\"#404a3d\" data-background-hover=\"#ffffff\">\r\n\t\t<span style=\"\">Daha Fazla Bilgi Al <\/span>\r\n\t<\/a><\/div><\/div>\r\n\t<div class=\"agrikole-spacer clearfix\" data-desktop=\"120\" data-mobi=\"60\" data-smobi=\"60\"><\/div>[\/vc_column][\/vc_row]<\/p>\n","protected":false},"excerpt":{"rendered":"<p>[vc_row el_class=&#8221;overflow-visible&#8221;][vc_column][vc_row_inner][vc_column_inner width=&#8221;1\/2&#8243;][\/vc_column_inner][vc_column_inner width=&#8221;1\/2&#8243;][vc_column_text]HAKKIMIZDA Atlantis Ziraat San. ve Tic. Ltd. \u015eti. 2011 y\u0131l\u0131nda Marmara ve Trakya b\u00f6lgesinde bitki koruma ve besleme \u00fcr\u00fcnleri sat\u0131\u015f\u0131 yapmak i\u00e7in Bursa\u2019da kurulmu\u015ftur. BAYER ile ba\u015flayan partnerlik y\u00fcr\u00fcy\u00fc\u015f\u00fcm\u00fcze SUM\u0130AGRO, DOW, DUPONT, CORTEVA, FMC, UPL, EUROCHEM, LANCES LINK ve SULPHUR MILLS LIMITED firmalar\u0131 ile b\u00fcy\u00fcyerek devam etmektedir.<\/p>\n","protected":false},"author":1,"featured_media":0,"parent":0,"menu_order":0,"comment_status":"closed","ping_status":"closed","template":"","meta":{"footnotes":""},"class_list":["post-1316","page","type-page","status-publish","hentry"],"_links":{"self":[{"href":"https:\/\/atlantisziraat.com\/index.php\/wp-json\/wp\/v2\/pages\/1316","targetHints":{"allow":["GET"]}}],"collection":[{"href":"https:\/\/atlantisziraat.com\/index.php\/wp-json\/wp\/v2\/pages"}],"about":[{"href":"https:\/\/atlantisziraat.com\/index.php\/wp-json\/wp\/v2\/types\/page"}],"author":[{"embeddable":true,"href":"https:\/\/atlantisziraat.com\/index.php\/wp-json\/wp\/v2\/users\/1"}],"replies":[{"embeddable":true,"href":"https:\/\/atlantisziraat.com\/index.php\/wp-json\/wp\/v2\/comments?post=1316"}],"version-history":[{"count":7,"href":"https:\/\/atlantisziraat.com\/index.php\/wp-json\/wp\/v2\/pages\/1316\/revisions"}],"predecessor-version":[{"id":14634,"href":"https:\/\/atlantisziraat.com\/index.php\/wp-json\/wp\/v2\/pages\/1316\/revisions\/14634"}],"wp:attachment":[{"href":"https:\/\/atlantisziraat.com\/index.php\/wp-json\/wp\/v2\/media?parent=1316"}],"curies":[{"name":"wp","href":"https:\/\/api.w.org\/{rel}","templated":true}]}}